{"id":51612,"date":"2025-09-05T09:31:46","date_gmt":"2025-09-05T07:31:46","guid":{"rendered":"https:\/\/www.marielngeffray.com\/?post_type=product&#038;p=51612"},"modified":"2025-12-20T14:18:02","modified_gmt":"2025-12-20T13:18:02","slug":"calendrier-de-lavent-2025","status":"publish","type":"product","link":"https:\/\/www.marielngeffray.com\/index.php\/produit\/calendrier-de-lavent-2025\/","title":{"rendered":"Calendrier de l&rsquo;Avent 2025"},"content":{"rendered":"","protected":false},"excerpt":{"rendered":"<p>25 petites scrap&rsquo; surprises pour patienter jusqu&rsquo;\u00e0 No\u00ebl.<\/p>\n<p>Exp\u00e9dition via Mondial Relay (merci d&rsquo;indiquer le relais de votre choix en commentaire de votre commande) courant novembre 2025.<\/p>\n<p><strong>Attention, toute commande incluant le calendrier ne pourra \u00eatre exp\u00e9di\u00e9e que courant novembre. Si vous souhaitez commander d&rsquo;autres produits et les recevoir plus t\u00f4t, merci de proc\u00e9der \u00e0 deux commandes distinctes.<\/strong><\/p>\n","protected":false},"featured_media":51598,"comment_status":"open","ping_status":"closed","template":"","meta":[],"product_brand":[],"product_cat":[51],"product_tag":[],"class_list":{"0":"post-51612","1":"product","2":"type-product","3":"status-publish","4":"has-post-thumbnail","6":"product_cat-calendriers-de-lavent","8":"first","9":"outofstock","10":"taxable","11":"shipping-taxable","12":"purchasable","13":"product-type-simple"},"yoast_head":"<!-- This site is optimized with the Yoast SEO plugin v27.5 - https:\/\/yoast.com\/product\/yoast-seo-wordpress\/ -->\n<title>Calendrier de l&#039;Avent 2025 -<\/title>\n<meta name=\"robots\" content=\"index, follow, max-snippet:-1, max-image-preview:large, max-video-preview:-1\" \/>\n<link rel=\"canonical\" href=\"https:\/\/www.marielngeffray.com\/index.php\/produit\/calendrier-de-lavent-2025\/\" \/>\n<meta property=\"og:locale\" content=\"fr_FR\" \/>\n<meta property=\"og:type\" content=\"article\" \/>\n<meta property=\"og:title\" content=\"Calendrier de l&#039;Avent 2025 -\" \/>\n<meta property=\"og:description\" content=\"25 petites scrap&#039; surprises pour patienter jusqu&#039;\u00e0 No\u00ebl.  Exp\u00e9dition via Mondial Relay (merci d&#039;indiquer le relais de votre choix en commentaire de votre commande) courant novembre 2025.  Attention, toute commande incluant le calendrier ne pourra \u00eatre exp\u00e9di\u00e9e que courant novembre. Si vous souhaitez commander d&#039;autres produits et les recevoir plus t\u00f4t, merci de proc\u00e9der \u00e0 deux commandes distinctes.\" \/>\n<meta property=\"og:url\" content=\"https:\/\/www.marielngeffray.com\/index.php\/produit\/calendrier-de-lavent-2025\/\" \/>\n<meta property=\"article:publisher\" content=\"https:\/\/www.facebook.com\/marielngeffray\" \/>\n<meta property=\"article:modified_time\" content=\"2025-12-20T13:18:02+00:00\" \/>\n<meta property=\"og:image\" content=\"https:\/\/www.marielngeffray.com\/wp-content\/uploads\/2025\/08\/communication-calendrier-vente-1-red.jpg\" \/>\n\t<meta property=\"og:image:width\" content=\"794\" \/>\n\t<meta property=\"og:image:height\" content=\"794\" \/>\n\t<meta property=\"og:image:type\" content=\"image\/jpeg\" \/>\n<meta name=\"twitter:card\" content=\"summary_large_image\" \/>\n<meta name=\"twitter:label1\" content=\"Dur\u00e9e de lecture estim\u00e9e\" \/>\n\t<meta name=\"twitter:data1\" content=\"1 minute\" \/>\n<script type=\"application\/ld+json\" class=\"yoast-schema-graph\">{\"@context\":\"https:\\\/\\\/schema.org\",\"@graph\":[{\"@type\":\"WebPage\",\"@id\":\"https:\\\/\\\/www.marielngeffray.com\\\/index.php\\\/produit\\\/calendrier-de-lavent-2025\\\/\",\"url\":\"https:\\\/\\\/www.marielngeffray.com\\\/index.php\\\/produit\\\/calendrier-de-lavent-2025\\\/\",\"name\":\"Calendrier de l'Avent 2025 -\",\"isPartOf\":{\"@id\":\"https:\\\/\\\/www.marielngeffray.com\\\/#website\"},\"primaryImageOfPage\":{\"@id\":\"https:\\\/\\\/www.marielngeffray.com\\\/index.php\\\/produit\\\/calendrier-de-lavent-2025\\\/#primaryimage\"},\"image\":{\"@id\":\"https:\\\/\\\/www.marielngeffray.com\\\/index.php\\\/produit\\\/calendrier-de-lavent-2025\\\/#primaryimage\"},\"thumbnailUrl\":\"https:\\\/\\\/www.marielngeffray.com\\\/wp-content\\\/uploads\\\/2025\\\/08\\\/communication-calendrier-vente-1-red.jpg\",\"datePublished\":\"2025-09-05T07:31:46+00:00\",\"dateModified\":\"2025-12-20T13:18:02+00:00\",\"breadcrumb\":{\"@id\":\"https:\\\/\\\/www.marielngeffray.com\\\/index.php\\\/produit\\\/calendrier-de-lavent-2025\\\/#breadcrumb\"},\"inLanguage\":\"fr-FR\",\"potentialAction\":[{\"@type\":\"ReadAction\",\"target\":[\"https:\\\/\\\/www.marielngeffray.com\\\/index.php\\\/produit\\\/calendrier-de-lavent-2025\\\/\"]}]},{\"@type\":\"ImageObject\",\"inLanguage\":\"fr-FR\",\"@id\":\"https:\\\/\\\/www.marielngeffray.com\\\/index.php\\\/produit\\\/calendrier-de-lavent-2025\\\/#primaryimage\",\"url\":\"https:\\\/\\\/www.marielngeffray.com\\\/wp-content\\\/uploads\\\/2025\\\/08\\\/communication-calendrier-vente-1-red.jpg\",\"contentUrl\":\"https:\\\/\\\/www.marielngeffray.com\\\/wp-content\\\/uploads\\\/2025\\\/08\\\/communication-calendrier-vente-1-red.jpg\",\"width\":794,\"height\":794},{\"@type\":\"BreadcrumbList\",\"@id\":\"https:\\\/\\\/www.marielngeffray.com\\\/index.php\\\/produit\\\/calendrier-de-lavent-2025\\\/#breadcrumb\",\"itemListElement\":[{\"@type\":\"ListItem\",\"position\":1,\"name\":\"Accueil\",\"item\":\"https:\\\/\\\/www.marielngeffray.com\\\/\"},{\"@type\":\"ListItem\",\"position\":2,\"name\":\"Boutique\",\"item\":\"https:\\\/\\\/www.marielngeffray.com\\\/index.php\\\/boutique\\\/\"},{\"@type\":\"ListItem\",\"position\":3,\"name\":\"Calendrier de l&rsquo;Avent 2025\"}]},{\"@type\":\"WebSite\",\"@id\":\"https:\\\/\\\/www.marielngeffray.com\\\/#website\",\"url\":\"https:\\\/\\\/www.marielngeffray.com\\\/\",\"name\":\"Marie-LN Geffray\",\"description\":\"\",\"publisher\":{\"@id\":\"https:\\\/\\\/www.marielngeffray.com\\\/#organization\"},\"potentialAction\":[{\"@type\":\"SearchAction\",\"target\":{\"@type\":\"EntryPoint\",\"urlTemplate\":\"https:\\\/\\\/www.marielngeffray.com\\\/?s={search_term_string}\"},\"query-input\":{\"@type\":\"PropertyValueSpecification\",\"valueRequired\":true,\"valueName\":\"search_term_string\"}}],\"inLanguage\":\"fr-FR\"},{\"@type\":\"Organization\",\"@id\":\"https:\\\/\\\/www.marielngeffray.com\\\/#organization\",\"name\":\"Marie-LN Geffray\",\"url\":\"https:\\\/\\\/www.marielngeffray.com\\\/\",\"logo\":{\"@type\":\"ImageObject\",\"inLanguage\":\"fr-FR\",\"@id\":\"https:\\\/\\\/www.marielngeffray.com\\\/#\\\/schema\\\/logo\\\/image\\\/\",\"url\":\"https:\\\/\\\/www.marielngeffray.com\\\/wp-content\\\/uploads\\\/2020\\\/06\\\/logo-signature.png\",\"contentUrl\":\"https:\\\/\\\/www.marielngeffray.com\\\/wp-content\\\/uploads\\\/2020\\\/06\\\/logo-signature.png\",\"width\":1091,\"height\":160,\"caption\":\"Marie-LN Geffray\"},\"image\":{\"@id\":\"https:\\\/\\\/www.marielngeffray.com\\\/#\\\/schema\\\/logo\\\/image\\\/\"},\"sameAs\":[\"https:\\\/\\\/www.facebook.com\\\/marielngeffray\",\"https:\\\/\\\/www.instagram.com\\\/marielngeffray\\\/\",\"https:\\\/\\\/www.youtube.com\\\/channel\\\/UCMTVmMDenytpISqEM-Awxcg\"]}]}<\/script>\n<!-- \/ Yoast SEO plugin. -->","yoast_head_json":{"title":"Calendrier de l'Avent 2025 -","robots":{"index":"index","follow":"follow","max-snippet":"max-snippet:-1","max-image-preview":"max-image-preview:large","max-video-preview":"max-video-preview:-1"},"canonical":"https:\/\/www.marielngeffray.com\/index.php\/produit\/calendrier-de-lavent-2025\/","og_locale":"fr_FR","og_type":"article","og_title":"Calendrier de l'Avent 2025 -","og_description":"25 petites scrap' surprises pour patienter jusqu'\u00e0 No\u00ebl.  Exp\u00e9dition via Mondial Relay (merci d'indiquer le relais de votre choix en commentaire de votre commande) courant novembre 2025.  Attention, toute commande incluant le calendrier ne pourra \u00eatre exp\u00e9di\u00e9e que courant novembre. Si vous souhaitez commander d'autres produits et les recevoir plus t\u00f4t, merci de proc\u00e9der \u00e0 deux commandes distinctes.","og_url":"https:\/\/www.marielngeffray.com\/index.php\/produit\/calendrier-de-lavent-2025\/","article_publisher":"https:\/\/www.facebook.com\/marielngeffray","article_modified_time":"2025-12-20T13:18:02+00:00","og_image":[{"width":794,"height":794,"url":"https:\/\/www.marielngeffray.com\/wp-content\/uploads\/2025\/08\/communication-calendrier-vente-1-red.jpg","type":"image\/jpeg"}],"twitter_card":"summary_large_image","twitter_misc":{"Dur\u00e9e de lecture estim\u00e9e":"1 minute"},"schema":{"@context":"https:\/\/schema.org","@graph":[{"@type":"WebPage","@id":"https:\/\/www.marielngeffray.com\/index.php\/produit\/calendrier-de-lavent-2025\/","url":"https:\/\/www.marielngeffray.com\/index.php\/produit\/calendrier-de-lavent-2025\/","name":"Calendrier de l'Avent 2025 -","isPartOf":{"@id":"https:\/\/www.marielngeffray.com\/#website"},"primaryImageOfPage":{"@id":"https:\/\/www.marielngeffray.com\/index.php\/produit\/calendrier-de-lavent-2025\/#primaryimage"},"image":{"@id":"https:\/\/www.marielngeffray.com\/index.php\/produit\/calendrier-de-lavent-2025\/#primaryimage"},"thumbnailUrl":"https:\/\/www.marielngeffray.com\/wp-content\/uploads\/2025\/08\/communication-calendrier-vente-1-red.jpg","datePublished":"2025-09-05T07:31:46+00:00","dateModified":"2025-12-20T13:18:02+00:00","breadcrumb":{"@id":"https:\/\/www.marielngeffray.com\/index.php\/produit\/calendrier-de-lavent-2025\/#breadcrumb"},"inLanguage":"fr-FR","potentialAction":[{"@type":"ReadAction","target":["https:\/\/www.marielngeffray.com\/index.php\/produit\/calendrier-de-lavent-2025\/"]}]},{"@type":"ImageObject","inLanguage":"fr-FR","@id":"https:\/\/www.marielngeffray.com\/index.php\/produit\/calendrier-de-lavent-2025\/#primaryimage","url":"https:\/\/www.marielngeffray.com\/wp-content\/uploads\/2025\/08\/communication-calendrier-vente-1-red.jpg","contentUrl":"https:\/\/www.marielngeffray.com\/wp-content\/uploads\/2025\/08\/communication-calendrier-vente-1-red.jpg","width":794,"height":794},{"@type":"BreadcrumbList","@id":"https:\/\/www.marielngeffray.com\/index.php\/produit\/calendrier-de-lavent-2025\/#breadcrumb","itemListElement":[{"@type":"ListItem","position":1,"name":"Accueil","item":"https:\/\/www.marielngeffray.com\/"},{"@type":"ListItem","position":2,"name":"Boutique","item":"https:\/\/www.marielngeffray.com\/index.php\/boutique\/"},{"@type":"ListItem","position":3,"name":"Calendrier de l&rsquo;Avent 2025"}]},{"@type":"WebSite","@id":"https:\/\/www.marielngeffray.com\/#website","url":"https:\/\/www.marielngeffray.com\/","name":"Marie-LN Geffray","description":"","publisher":{"@id":"https:\/\/www.marielngeffray.com\/#organization"},"potentialAction":[{"@type":"SearchAction","target":{"@type":"EntryPoint","urlTemplate":"https:\/\/www.marielngeffray.com\/?s={search_term_string}"},"query-input":{"@type":"PropertyValueSpecification","valueRequired":true,"valueName":"search_term_string"}}],"inLanguage":"fr-FR"},{"@type":"Organization","@id":"https:\/\/www.marielngeffray.com\/#organization","name":"Marie-LN Geffray","url":"https:\/\/www.marielngeffray.com\/","logo":{"@type":"ImageObject","inLanguage":"fr-FR","@id":"https:\/\/www.marielngeffray.com\/#\/schema\/logo\/image\/","url":"https:\/\/www.marielngeffray.com\/wp-content\/uploads\/2020\/06\/logo-signature.png","contentUrl":"https:\/\/www.marielngeffray.com\/wp-content\/uploads\/2020\/06\/logo-signature.png","width":1091,"height":160,"caption":"Marie-LN Geffray"},"image":{"@id":"https:\/\/www.marielngeffray.com\/#\/schema\/logo\/image\/"},"sameAs":["https:\/\/www.facebook.com\/marielngeffray","https:\/\/www.instagram.com\/marielngeffray\/","https:\/\/www.youtube.com\/channel\/UCMTVmMDenytpISqEM-Awxcg"]}]}},"_links":{"self":[{"href":"https:\/\/www.marielngeffray.com\/index.php\/wp-json\/wp\/v2\/product\/51612","targetHints":{"allow":["GET"]}}],"collection":[{"href":"https:\/\/www.marielngeffray.com\/index.php\/wp-json\/wp\/v2\/product"}],"about":[{"href":"https:\/\/www.marielngeffray.com\/index.php\/wp-json\/wp\/v2\/types\/product"}],"replies":[{"embeddable":true,"href":"https:\/\/www.marielngeffray.com\/index.php\/wp-json\/wp\/v2\/comments?post=51612"}],"wp:featuredmedia":[{"embeddable":true,"href":"https:\/\/www.marielngeffray.com\/index.php\/wp-json\/wp\/v2\/media\/51598"}],"wp:attachment":[{"href":"https:\/\/www.marielngeffray.com\/index.php\/wp-json\/wp\/v2\/media?parent=51612"}],"wp:term":[{"taxonomy":"product_brand","embeddable":true,"href":"https:\/\/www.marielngeffray.com\/index.php\/wp-json\/wp\/v2\/product_brand?post=51612"},{"taxonomy":"product_cat","embeddable":true,"href":"https:\/\/www.marielngeffray.com\/index.php\/wp-json\/wp\/v2\/product_cat?post=51612"},{"taxonomy":"product_tag","embeddable":true,"href":"https:\/\/www.marielngeffray.com\/index.php\/wp-json\/wp\/v2\/product_tag?post=51612"}],"curies":[{"name":"wp","href":"https:\/\/api.w.org\/{rel}","templated":true}]}}

<p>25 petites scrap&rsquo; surprises pour patienter jusqu&rsquo;à Noël.</p>
<p>Expédition via Mondial Relay (merci d&rsquo;indiquer le relais de votre choix en commentaire de votre commande) courant novembre 2025.</p>
<p><strong>Attention, toute commande incluant le calendrier ne pourra être expédiée que courant novembre. Si vous souhaitez commander d&rsquo;autres produits et les recevoir plus tôt, merci de procéder à deux commandes distinctes.</strong></p>

<!-- This site is optimized with the Yoast SEO plugin v27.5 - https://yoast.com/product/yoast-seo-wordpress/ -->
<title>Calendrier de l&#039;Avent 2025 -</title>
<meta name="robots" content="index, follow, max-snippet:-1, max-image-preview:large, max-video-preview:-1" />
<link rel="canonical" href="https://www.marielngeffray.com/index.php/produit/calendrier-de-lavent-2025/" />
<meta property="og:locale" content="fr_FR" />
<meta property="og:type" content="article" />
<meta property="og:title" content="Calendrier de l&#039;Avent 2025 -" />
<meta property="og:description" content="25 petites scrap&#039; surprises pour patienter jusqu&#039;à Noël.  Expédition via Mondial Relay (merci d&#039;indiquer le relais de votre choix en commentaire de votre commande) courant novembre 2025.  Attention, toute commande incluant le calendrier ne pourra être expédiée que courant novembre. Si vous souhaitez commander d&#039;autres produits et les recevoir plus tôt, merci de procéder à deux commandes distinctes." />
<meta property="og:url" content="https://www.marielngeffray.com/index.php/produit/calendrier-de-lavent-2025/" />
<meta property="article:publisher" content="https://www.facebook.com/marielngeffray" />
<meta property="article:modified_time" content="2025-12-20T13:18:02+00:00" />
<meta property="og:image" content="https://www.marielngeffray.com/wp-content/uploads/2025/08/communication-calendrier-vente-1-red.jpg" />
	<meta property="og:image:width" content="794" />
	<meta property="og:image:height" content="794" />
	<meta property="og:image:type" content="image/jpeg" />
<meta name="twitter:card" content="summary_large_image" />
<meta name="twitter:label1" content="Durée de lecture estimée" />
	<meta name="twitter:data1" content="1 minute" />
<script type="application/ld+json" class="yoast-schema-graph">{"@context":"https:\/\/schema.org","@graph":[{"@type":"WebPage","@id":"https:\/\/www.marielngeffray.com\/index.php\/produit\/calendrier-de-lavent-2025\/","url":"https:\/\/www.marielngeffray.com\/index.php\/produit\/calendrier-de-lavent-2025\/","name":"Calendrier de l'Avent 2025 -","isPartOf":{"@id":"https:\/\/www.marielngeffray.com\/#website"},"primaryImageOfPage":{"@id":"https:\/\/www.marielngeffray.com\/index.php\/produit\/calendrier-de-lavent-2025\/#primaryimage"},"image":{"@id":"https:\/\/www.marielngeffray.com\/index.php\/produit\/calendrier-de-lavent-2025\/#primaryimage"},"thumbnailUrl":"https:\/\/www.marielngeffray.com\/wp-content\/uploads\/2025\/08\/communication-calendrier-vente-1-red.jpg","datePublished":"2025-09-05T07:31:46+00:00","dateModified":"2025-12-20T13:18:02+00:00","breadcrumb":{"@id":"https:\/\/www.marielngeffray.com\/index.php\/produit\/calendrier-de-lavent-2025\/#breadcrumb"},"inLanguage":"fr-FR","potentialAction":[{"@type":"ReadAction","target":["https:\/\/www.marielngeffray.com\/index.php\/produit\/calendrier-de-lavent-2025\/"]}]},{"@type":"ImageObject","inLanguage":"fr-FR","@id":"https:\/\/www.marielngeffray.com\/index.php\/produit\/calendrier-de-lavent-2025\/#primaryimage","url":"https:\/\/www.marielngeffray.com\/wp-content\/uploads\/2025\/08\/communication-calendrier-vente-1-red.jpg","contentUrl":"https:\/\/www.marielngeffray.com\/wp-content\/uploads\/2025\/08\/communication-calendrier-vente-1-red.jpg","width":794,"height":794},{"@type":"BreadcrumbList","@id":"https:\/\/www.marielngeffray.com\/index.php\/produit\/calendrier-de-lavent-2025\/#breadcrumb","itemListElement":[{"@type":"ListItem","position":1,"name":"Accueil","item":"https:\/\/www.marielngeffray.com\/"},{"@type":"ListItem","position":2,"name":"Boutique","item":"https:\/\/www.marielngeffray.com\/index.php\/boutique\/"},{"@type":"ListItem","position":3,"name":"Calendrier de l&rsquo;Avent 2025"}]},{"@type":"WebSite","@id":"https:\/\/www.marielngeffray.com\/#website","url":"https:\/\/www.marielngeffray.com\/","name":"Marie-LN Geffray","description":"","publisher":{"@id":"https:\/\/www.marielngeffray.com\/#organization"},"potentialAction":[{"@type":"SearchAction","target":{"@type":"EntryPoint","urlTemplate":"https:\/\/www.marielngeffray.com\/?s={search_term_string}"},"query-input":{"@type":"PropertyValueSpecification","valueRequired":true,"valueName":"search_term_string"}}],"inLanguage":"fr-FR"},{"@type":"Organization","@id":"https:\/\/www.marielngeffray.com\/#organization","name":"Marie-LN Geffray","url":"https:\/\/www.marielngeffray.com\/","logo":{"@type":"ImageObject","inLanguage":"fr-FR","@id":"https:\/\/www.marielngeffray.com\/#\/schema\/logo\/image\/","url":"https:\/\/www.marielngeffray.com\/wp-content\/uploads\/2020\/06\/logo-signature.png","contentUrl":"https:\/\/www.marielngeffray.com\/wp-content\/uploads\/2020\/06\/logo-signature.png","width":1091,"height":160,"caption":"Marie-LN Geffray"},"image":{"@id":"https:\/\/www.marielngeffray.com\/#\/schema\/logo\/image\/"},"sameAs":["https:\/\/www.facebook.com\/marielngeffray","https:\/\/www.instagram.com\/marielngeffray\/","https:\/\/www.youtube.com\/channel\/UCMTVmMDenytpISqEM-Awxcg"]}]}</script>
<!-- / Yoast SEO plugin. -->

25 petites scrap' surprises pour patienter jusqu'à Noël.  Expédition via Mondial Relay (merci d'indiquer le relais de votre choix en commentaire de votre commande) courant novembre 2025.  Attention, toute commande incluant le calendrier ne pourra être expédiée que courant novembre. Si vous souhaitez commander d'autres produits et les recevoir plus tôt, merci de procéder à deux commandes distinctes.
